base 4) to base 11
-28
-261 (base 7) to base 15
-96
What is -1010 (base 2) in base 12?
-a
-2 (base 14) to base 16
-2
2 (base 6) to base 11
2
Convert 17 (base 8) to base 14.
11
Convert 60 (base 16) to base 10.
96
-434 (base 6) to base 13
-ca
What is 56 (base 13) in base 5?
241
What is -5 (base 11) in base 13?
-5
What is -10001 (base 3) in base 15?
-57
-6 (base 7) to base 10
-6
Convert -11 (base 2) to base 16.
-3
-5d (base 16) to base 12
-79
What is 6 (base 9) in base 2?
110
Convert -140 (base 7) to base 12.
-65
215 (base 6) to base 16
53
1000000 (base 2) to base 8
100
What is -122 (base 8) in base 7?
-145
Convert -3b (base 15) to base 10.
-56
Convert -525 (base 6) to base 11.
-16a
-4 (base 13) to base 4
-10
Convert -18 (base 10) to base 12.
-16
-102 (base 4) to base 14
-14
What is 39 (base 11) in base 7?
60
43 (base 9) to base 5
124
What is 4 (base 5) in base 12?
4
What is 2010 (base 4) in base 14?
96
What is -2030 (base 5) in base 7?
-526
Convert -101 (base 2) to base 8.
-5
-1 (base 2) to base 13
-1
Convert 1 (base 9) to base 14.
1
-3 (base 11) to base 12
-3
What is 2 (base 12) in base 15?
2
Convert 0 (base 13) to base 11.
0
Convert -37 (base 15) to base 6.
-124
Convert 11000 (base 2) to base 10.
24
What is -33 (base 9) in base 4?
-132
Convert 5 (base 9) to base 15.
5
-502 (base 7) to base 2
-11110111
What is -11001100 (base 2) in base 14?
-108
What is 23 (base 14) in base 6?
51
What is -232 (base 4) in base 5?
-141
Convert -177 (base 11) to base 5.
-1310
What is 20 (base 4) in base 3?
22
-1 (base 14) to base 3
-1
-12 (base 5) to base 9
-7
Convert 1 (base 11) to base 8.
1
120 (base 15) to base 12
193
-110121 (base 3) to base 12
-244
Convert 2 (base 16) to base 8.
2
a (base 15) to base 7
13
-4 (base 14) to base 6
-4
What is 11 (base 5) in base 6?
10
What is 10 (base 2) in base 6?
2
Convert 0 (base 12) to base 6.
0
What is -303 (base 5) in base 10?
-78
What is -48 (base 16) in base 5?
-242
-1 (base 3) to base 13
-1
Convert -133 (base 12) to base 3.
-20210
Convert 0 (base 13) to base 4.
0
Convert 0 (base 11) to base 9.
0
2 (base 16) to base 13
2
d4 (base 14) to base 10
186
-14 (base 5) to base 2
-1001
Convert 1013 (base 4) to base 3.
2122
What is -3 (base 6) in base 9?
-3
3 (base 5) to base 11
3
Convert -1 (base 15) to base 5.
-1
Convert -1110 (base 3) to base 13.
-30
What is 31 (base 16) in base 11?
45
86 (base 12) to base 10
102
Convert -b (base 14) to base 4.
-23
Convert -102 (base 3) to base 7.
-14
-b (base 15) to base 7
-14
Convert -3 (base 4) to base 6.
-3
What is -2 (base 11) in base 4?
-2
Convert -1 (base 5) to base 10.
-1
-3 (base 10) to base 4
-3
-400 (base 7) to base 14
-100
Convert -27 (base 12) to base 9.
-34
Convert -7 (base 13) to base 11.
-7
Convert -4 (base 12) to base 9.
-4
Convert -1000000 (base 2) to base 7.
-121
What is 15 (base 10) in base 11?
14
6 (base 14) to base 8
6
Convert -30 (base 6) to base 3.
-200
Convert -2 (base 3) to base 11.
-2
What is -11201 (base 3) in base 2?
-1111111
Convert 41 (base 9) to base 7.
52
What is 38 (base 14) in base 11?
46
-11 (base 2) to base 4
-3
What is 24 (base 7) in base 16?
12
4 (base 10) to base 8
4
314 (base 6) to base 9
141
1b (base 14) to base 10
25
Convert -3 (base 7) to base 13.
-3
-1 (base 8) to base 13
-1
2 (base 9) to base 14
2
What is 33 (base 9) in base 15?
20
0 (base 15) to base 9
0
3 (base 5) to base 10
3
Convert -12 (base 4) to base 12.
-6
111 (base 2) to base 14
7
Convert 224 (base 5) to base 16.
40
What is 123 (base 4) in base 2?
11011
What is 2311 (base 4) in base 9?
221
-31 (base 6) to base 3
-201
14 (base 8) to base 10
12
Convert -4 (base 15) to base 10.
-4
What is 35 (base 9) in base 14?
24
What is -1c (base 13) in base 2?
-11001
1011110 (base 2) to base 4
1132
What is 5 (base 14) in base 16?
5
13 (base 12) to base 14
11
What is -c (base 16) in base 6?
-20
What is 2 (base 12) in base 11?
2
-435 (base 6) to base 4
-2213
What is -3 (base 13) in base 3?
-10
Convert d7 (base 16) to base 13.
137
What is -12 (base 11) in base 3?
-111
-3 (base 15) to base 3
-10
Convert -17 (base 8) to base 15.
-10
-3c (base 13) to base 8
-63
-30 (base 5) to base 7
-21
-1 (base 3) to base 5
-1
Convert -10 (base 3) to base 8.
-3
Convert 74 (base 9) to base 6.
151
Convert 23 (base 9) to base 16.
15
Convert 141 (base 7) to base 16.
4e
Convert 36 (base 7) to base 9.
30
What is -3 (base 15) in base 14?
-3
Convert -4 (base 16) to base 11.
-4
What is -4 (base 15) in base 14?
-4
-b (base 13) to base 6
-15
Convert -61 (base 15) to base 8.
-133
2 (base 7) to base 3
2
Convert -6 (base 11) to base 8.
-6
-10 (base 4) to base 16
-4
What is 7 (base 11) in base 6?
11
6 (base 7) to base 16
6
Convert 33 (base 4) to base 10.
15
What is -8 (base 9) in base 11?
-8
Convert 11 (base 8) to base 7.
12
Convert -a (base 15) to base 10.
-10
Convert -2 (base 15) to base 14.
-2
1 (base 14) to base 13
1
Convert 34 (base 7) to base 11.
23
Convert 1 (base 10) to base 6.
1
What is 2 (base 3) in base 6?
2
Convert 3 (base 14) to base 2.
11
Convert 2 (base 6) to base 14.
2
Convert 35 (base 11) to base 12.
32
-1 (base 9) to base 8
-1
What is 33 (base 10) in base 14?
25
4b (base 15) to base 4
1013
Convert -4 (base 14) to base 4.
-10
-87 (base 10) to base 7
-153
Convert 34 (base 15) to base 5.
144
46 (base 16) to base 13
55
Convert 38 (base 10) to base 15.
28
3 (base 13) to base 11
3
What is 32 (base 5) in base 2?
10001
-3 (base 5) to base 3
-10
-22 (base 3) to base 15
-8
Convert 11 (base 4) to base 14.
5
Convert -10001 (base 2) to base 15.
-12
-10102 (base 3) to base 10
-92
Convert 1000111 (base 2) to base 10.
71
What is -1a (base 13) in base 14?
-19
Convert -13 (base 6) to base 4.
-21
What is 10 (base 4) in base 10?
4
What is -5 (base 11) in base 7?
-5
5 (base 8) to base 7
5
2 (base 14) to base 11
2
-1 (base 4) to base 12
-1
Convert -100 (base 3) to base 2.
-1001
-100 (base 2) to base 12
-4
9 (base 16) to base 12
9
Convert -27 (base 13) to base 5.
-113
-3 (base 5) to base 10
-3
What is -378 (base 9) in base 3?
-102122
What is -90 (base 10) in base 9?
-110
Convert -205 (base 10) to base 13.
-12a
Convert -289 (base 10) to base 2.
-100100001
Convert -1 (base 4) to base 3.
-1
Convert -3 (base 10) to base 2.
-11
-4 (base 15) to base 3
-11
What is -21012 (base 3) in base 12?
-142
-54 (base 7) to base 15
-29
What is 0 (base 3) in base 7?
0
What is -53 (base 14) in base 5?
-243
What is -6 (base 9) in base 13?
-6
7a (base 12) to base 6
234
What is -20 (base 4) in base 10?
-8
Convert -2 (base 15) to base 7.
-2
112 (base 11) to base 13
a4
What is 4 (base 13) in base 2?
100
What is -21 (base 9) in base 11?
-18
Convert -75 (base 16) to base 15.
-7c
Convert -2 (base 9) to base 2.
-10
Convert -66 (base 14) to base 2.
-1011010
Convert 1020 (base 3) to base 7.
45
Convert 37 (base 12) to base 3.
1121
Convert 17 (base 9) to base 12.
14
What is -c (base 13) in base 10?
-12
-54 (base 12) to base 14
-48
What is -47 (base 10) in base 15?
-32
-18 (base 14) to base 3
-211
200 (base 4) to base 9
35
Convert 110 (base 2) to base 9.
6
What is 32 (base 4) in base 16?
e
What is 11 (base 12) in base 10?
13
33 (base 10) to base 4
201
-103 (base 12) to base 4
-2103
-23 (base 4) to base 10
-11
What is -2 (base 13) in base 14?
-2
14 (base 5) to base 7
12
What is 150 (base 7) in base 12?
70
What is -6a (base 14) in base 10?
-94
What is 11 (base 13) in base 2?
1110
-84 (base 9) to base 8
-114
Convert 6 (base 15) to base 7.
6
What is 1021 (base 3) in base 8?
42
-172 (base 13) to base 14
-14a
2 (base 14) to base 6
2
What is -114 (base 10) in base 14?
-82
2120 (base 3) to base 2
1000101
Convert -52 (base 9) to base 2.
-101111
Convert 3b (base 12) to base 6.
115
What is -11010 (base 2) in base 8?
-32
Convert 323 (base 6) to base 14.
8b
-101011 (base 2) to base 3
-1121
Convert -142 (base 6) to base 14.
-46
Convert -102 (base 3) to base 10.
-11
What is -100100 (base 2) in base 15?
-26
What is 0 (base 8) in base 4?
0
Convert 2 (base 14) to base 5.
2
What is -2 (base 9) in base 16?
-2
Convert -1 (base 3) to base 12.
-1
0 (base 4) to base 6
0
15 (base 7) to base 14
c
Convert 7 (base 12) to base 5.
12
3 (base 7) to base 14
3
Convert 3e (base 16) to base 2.
111110
What is -123 (base 5) in base 2?
-100110
120 (base 7) to base 3
2100
-1111 (base 5) to base 14
-b2
Convert -221 